. Calculate the remainder when 50 is divided by a.
24
Let w(f) = -f**2 - 4*f - 2. Let a be w(-7). Let z = -15 - a. Calculate the remainder when z is divided by 5.
3
Suppose -2 = 3*s + 4. Let n(y) = -5*y - 20. Let q(d) = -2*d - 7. Let a(b) = -6*n(b) + 17*q(b). Calculate the remainder when 16 is divided by a(s).
7
Let b = 15 + -18. Let m(k) = -k + 4. Let r be m(-4). Let s = r + b. Calculate the remainder when s is divided by 2.
1
Suppose -b + a = 1, a - 7 = 2*b - 2*a. Suppose -k - k = b*s - 22, 4*s - 2 = 2*k. Calculate the remainder when 2 is divided by 0 + 1/s*3.
0
What is the remainder when 64 is divided by 13/26 + 86/4?
20
Suppose x - 16 = 3. Calculate the remainder when 32 is divided by x.
13
Let d = 7 + -4. Suppose d*w - 212 = -w. Suppose 3*p - 2*f = -11 + w, -4*p = f - 45. What is the remainder when 34 is divided by p?
10
Suppose -y - 24 = -3*y. Suppose b - 7 = y. Calculate the remainder when b is divided by ((-1)/(-3) + 0)/(125/2625).
5
Let h = 83 - 56. Let r = 4 + 75. What is the remainder when r is divided by h?
25
Let c(m) = m**3 - 4*m**2 - 9*m + 3. Let v = 27 - -13. What is the remainder when v is divided by c(6)?
19
Let a = -480 - -483. Let w(g) = 4*g**2 - 1. What is the remainder when w(1) is divided by a?
0
Let z(w) = -2*w + 6. What is the remainder when 68 is divided by z(-4)?
12
Calculate the remainder when 25 is divided by 1/((-1)/(-12 - -3)).
7
Let n(h) = -h - 2. Let v(a) = -a - 3. Let i(k) = -4*n(k) + 5*v(k). Let d(z) = -z**2 - 5*z - 4. Let r be d(-6). What is the remainder when 4 is divided by i(r)?
1
Suppose 17 = 3*r - 31. Let l = -4 + r. Let w = l - 8. Calculate the remainder when w is divided by 3.
1
Let w(v) = v**3 - v**2 - 6*v + 4. Let a(t) = -t**3 + t**2 + 13*t - 8. Let i(p) = 2*a(p) + 5*w(p). What is the remainder when i(3) is divided by 16?
14
Let x(a) = -19*a**3 + a - 1. Let u be x(1). Let z = -11 - u. Let m(g) = 7*g**2 + 2*g - 1. Calculate the remainder when m(-2) is divided by z.
7
Suppose -j + 5*j = 28. Calculate the remainder when j is divided by 2.
1
Let c(g) = g**2 - 5*g - 3. Let o be c(-3). Let d = 0 + o. Calculate the remainder when d is divided by 6.
3
Suppose -4*n - 4*v = -88, -v = 2*n - 57 + 15. What is the remainder when 35 is divided by n?
15
Suppose 26*n = 24*n + 74. Calculate the remainder when 72 is divided by n.
35
What is the remainder when 39 + 4/18*3*-6 is divided by 4?
3
Let r(j) = -j**3 - 5*j**2 - 2*j - 1. Suppose 10 = -y + 34. What is the remainder when y is divided by r(-5)?
6
Suppose -2*z = -7*z + 170. What is the remainder when z is divided by 12?
10
Suppose -l - 2*l + 339 = 2*f, 4*l - 676 = -4*f. Let z = f + -119. Let u(o) = 13*o - 22. Calculate the remainder when z is divided by u(3).
15
Let s(x) = -6*x - 47. Calculate the remainder when s(-19) is divided by 17.
16
Let t = 33 - 27. Calculate the remainder when t is divided by 2.
0
Let r = 145 - 101. What is the remainder when r is divided by 23?
21
Let y(r) = -r**3 - r**2 - 2*r - 4. Let s be (2*-1)/((-2)/(-3)). What is the remainder when 38 is divided by y(s)?
18
Suppose 3*r + 2*r = c - 22, 2*c + 3*r = 70. What is the remainder when c is divided by 19?
13
Let z(j) = -j - 1. Let f be z(-5). Suppose f*p - 23 = 13. Let s = 14 - p. Calculate the remainder when 13 is divided by s.
3
Let y(p) = p**2 + 3*p - 2. Let t be y(-4). Suppose -5*j = -2*s + 32, -5*s - 2*j + 18 = j. What is the remainder when ((17*-2)/t)/(-1) is divided by s?
5
Let q(t) be the first derivative of t**2/2 + 9*t + 1. Let n be 1 - (6/8 - 6/(-24)). What is the remainder when 25 is divided by q(n)?
7
Let k(f) = -f**2 + 11*f - 6. Let v be k(9). Let r = 12 + v. Suppose -2*b + 2 = -r. Calculate the remainder when b is divided by 8.
5
Suppose 2*f - 4*f - 30 = 4*m, -4*f = -5*m + 47. Let x = f + 41. What is the remainder when x is divided by 10?
8
Let j = -5 + 19. What is the remainder when j is divided by 4?
2
Let g = 44 + -41. What is the remainder when 33 is divided by g?
0
Let b(s) = s**3 + 8*s**2 - 7*s + 21. Calculate the remainder when 17 is divided by b(-9).
2
Suppose -12 = -3*q - 0*q. What is the remainder when q is divided by -3*(-6 - 48/(-9))?
0
Suppose -n - 14 = -76. Let q = -1 + 1. Calculate the remainder when n is divided by (-2)/(-1) + 19 + q.
20
Let a = -9 - -12. Suppose -3*i + 5*c + 2 = 0, a*i + 5*c + 25 = 77. What is the remainder when 33 is divided by i?
6
Let w be 0/2 + 16 + -2. Let u = 10 - 8. Suppose -4*j - 4*z + 93 = z, 4*z = u*j - w. Calculate the remainder when j is divided by 9.
8
Suppose -d = 5*k - 8, -4*k + 4 + 12 = 4*d. Suppose -1 = -0*c - c + 4*a, d*c - 2*a = 33. Calculate the remainder when 25 is divided by c.
12
Let g(w) = w**2 - 9*w - 54. Calculate the remainder when 45 is divided by g(14).
13
Let y(b) = 2*b**2 + 14*b - 8. Let c = 9 + -4. Suppose 3*u + t - 38 = -t, c*u = 4*t + 34. What is the remainder when y(-9) is divided by u?
8
Let f = 5 + -3. Suppose f*l + 2*l = -4*a + 580, 2 = 2*l. Suppose a = 2*n - 3*i, 5*n + 0*i - 5*i = 355. What is the remainder when n is divided by 18?
15
Let f(q) = q + 9. Let y be f(-8). Suppose -4*l + 5*w - 11 - y = 0, -18 = -5*l - 2*w. Calculate the remainder when 2 is divided by l.
0
Let s(a) = 2*a**2 + 13*a + 5. Calculate the remainder when 46 is divided by s(-7).
10
Let s(d) = d**3 - d**2 + d - 7. Let p be s(6). Suppose -5*f + 504 = p. Let w(k) = -23*k**3 - k**2 - k - 1. Calculate the remainder when f is divided by w(-1).
21
Let r(h) = h**3 + 5*h**2 + 5*h - 7. Let t be r(-5). Let d be (4 + -3)*(-1 - t). Let g = d + -16. Calculate the remainder when 29 is divided by g.
14
Let t(h) = 24*h**2 - 3*h - 2. What is the remainder when t(-1) is divided by 9?
7
Let h(b) = -b**2 + 6*b - 7. What is the remainder when 7 is divided by h(3)?
1
Let c = 0 + 14. Calculate the remainder when 55 is divided by c.
13
Let v = 4 - 7. Let x(y) = -3*y + 2. What is the remainder when x(v) is divided by 4?
3
Let b(j) = -j**3 - 9*j**2 - j. What is the remainder when b(-9) is divided by 7?
2
Suppose 0 = 4*v - 0*v - 280. Suppose -3*y - 2*y + v = 0. Calculate the remainder when 1491/27 + 2/(-9) is divided by y.
13
Let n(b) = -b - 5. Let j be n(5). Let z = j - 15. Let d = -13 - z. What is the remainder when 23 is divided by d?
11
Let u = 1 - -4. Suppose u*r = 2*q + 116, -7*r + 2*r = 5*q - 95. Suppose 45 = 4*v + 13. What is the remainder when r is divided by v?
6
Let l = -4 - -1. Let i(k) = -k + 1. Let v(b) = b**3 + 3*b**2 - 3*b + 1. What is the remainder when v(-3) is divided by i(l)?
2
Suppose -13 = -2*r - 5. Suppose 2*p = -5*q + 17, -4*p + 2*q = 3*q - 25. Calculate the remainder when p is divided by r.
2
What is the remainder when 78 is divided by (-8)/(-5)*(1 + 9)?
14
What is the remainder when 5 is divided by 6*(-1)/(-2) + -1?
1
Suppose t - 2 = 3, 5*v - 4*t + 10 = 0. Let g = 2 + 3. Calculate the remainder when g is divided by v.
1
What is the remainder when 63 is divided by (1 + 6)*-27*12/(-126)?
9
Let d(j) = j**2 + 8*j - 6. Calculate the remainder when 160 is divided by d(3).
25
Let o(s) = 8*s**2 - s - 3. What is the remainder when o(2) is divided by 10?
7
Suppose -c + 24 = 10. Let p = 39 - c. Calculate the remainder when p is divided by (2 + 0 - 1)*9.
7
Suppose -7 + 2 = -g. What is the remainder when 34 is divided by g?
4
Suppose 4*u = g - 0*g - 20, 0 = 2*u - 2. Let t = 35 - g. Calculate the remainder when 21 is divided by t.
10
Suppose l + 42 = 3*l. Suppose 2*r + 4 = 84. Let c = r - l. What is the remainder when c is divided by 10?
9
Let b(m) = m**2 - m + 2. Suppose -20 = -2*p - 142. Let v = p + 102. What is the remainder when v is divided by b(-3)?
13
Let v = 19 + 14. Calculate the remainder when v is divided by 9.
6
Suppose -12*m + 10*m = -6. What is the remainder when 23 is divided by m?
2
Let u = 2 - -2. Suppose u*n = n + 66. What is the remainder when n is divided by 8?
6
Let b = 41 + -18. Calculate the remainder when b is divided by 8.
7
Let t be 2*-3*(-4)/12. Suppose 24 = 3*n - 5*d, 4*d = -t*n + n - 9. Calculate the remainder when n is divided by 3.
0
Let v(d) = d**3 - 6*d**2 + 2*d - 4. What is the remainder when 23 is divided by v(6)?
7
Let u = 9 - 10. What is the remainder when 43 - (-1)/((-1)/u) is divided by 15?
14
Suppose -2*o = -o - 13. Calculate the remainder when o is divided by 8.
5
Calculate the remainder when 94 is divided 